{"id":475,"date":"2021-11-22T14:24:50","date_gmt":"2021-11-22T13:24:50","guid":{"rendered":"https:\/\/bal1.hu\/plusz\/?page_id=475"},"modified":"2025-08-31T11:21:04","modified_gmt":"2025-08-31T09:21:04","slug":"ugyfelszolgalat","status":"publish","type":"page","link":"https:\/\/bal1.hu\/plusz\/ugyfelszolgalat\/","title":{"rendered":"\u00dcGYF\u00c9LSZOLG\u00c1LAT"},"content":{"rendered":"\n\n\n<p style=\"text-align: center;\"><strong><\/strong><\/p><span style=\"color:#000000;\"><p style=\"text-align: center; color: rgb(0, 0, 0);\"><strong><\/strong><\/p><\/span><span style=\"font-size:x-large;\"><span style=\"color:#000000;\"><p style=\"text-align: center; color: rgb(0, 0, 0);\"><strong>\u00dcgyf\u00e9lszolg\u00e1lat ak\u00e1r telefonon, ak\u00e1r szem\u00e9lyesen&nbsp;<\/strong><\/p><\/span><\/span>\n<span style=\"font-size:x-large;\"><span style=\"color:#000000;\"><p style=\"text-align: center; color: rgb(0, 0, 0);\"><strong><\/strong>A szem\u00e9lyes \u00fcgyf\u00e9lfogad\u00e1s helysz\u00edne: <\/p><\/span><\/span>\n<span style=\"font-size:x-large;\"><span style=\"color:#000000;\"><p style=\"text-align: center; color: rgb(0, 0, 0);\">1032 Budapest, B\u00e9csi \u00fat 211.<\/p><\/span><\/span>\n<span style=\"font-size:x-large;\"><span style=\"color:#000000;\"><p style=\"text-align: center; color: rgb(0, 0, 0);\"><strong>\u00dcgyf\u00e9lfogad\u00e1si id\u0151pontok:<\/strong><\/p><\/span><span style=\"color:#000000;\">\n<p style=\"text-align: center; color: rgb(0, 0, 0);\">Kedden: 14.00 &#8211; 19.00-ig,\nP\u00e9nteken 14.00 &#8211; 19.00 -ig<\/p><\/span><\/span>\n<span style=\"font-size:x-large;\"><span style=\"color:#000000;\">\n<p style=\"text-align: center; color: rgb(0, 0, 0);\">Telefon: +36 20 517 2068<\/p><\/span><\/span><span style=\"color:#000000;\"><\/span>\n\n\n\n\n\n\n\n","protected":false},"excerpt":{"rendered":"","protected":false},"author":1,"featured_media":0,"parent":0,"menu_order":0,"comment_status":"closed","ping_status":"closed","template":"","meta":{"pagelayer_contact_templates":[],"_pagelayer_content":"","footnotes":""},"class_list":["post-475","page","type-page","status-publish","hentry"],"_links":{"self":[{"href":"https:\/\/bal1.hu\/plusz\/wp-json\/wp\/v2\/pages\/475","targetHints":{"allow":["GET"]}}],"collection":[{"href":"https:\/\/bal1.hu\/plusz\/wp-json\/wp\/v2\/pages"}],"about":[{"href":"https:\/\/bal1.hu\/plusz\/wp-json\/wp\/v2\/types\/page"}],"author":[{"embeddable":true,"href":"https:\/\/bal1.hu\/plusz\/wp-json\/wp\/v2\/users\/1"}],"replies":[{"embeddable":true,"href":"https:\/\/bal1.hu\/plusz\/wp-json\/wp\/v2\/comments?post=475"}],"version-history":[{"count":16,"href":"https:\/\/bal1.hu\/plusz\/wp-json\/wp\/v2\/pages\/475\/revisions"}],"predecessor-version":[{"id":4334,"href":"https:\/\/bal1.hu\/plusz\/wp-json\/wp\/v2\/pages\/475\/revisions\/4334"}],"wp:attachment":[{"href":"https:\/\/bal1.hu\/plusz\/wp-json\/wp\/v2\/media?parent=475"}],"curies":[{"name":"wp","href":"https:\/\/api.w.org\/{rel}","templated":true}]}}