{"id":4466,"date":"2025-09-01T20:57:53","date_gmt":"2025-09-01T18:57:53","guid":{"rendered":"https:\/\/bal1.hu\/plusz\/?page_id=4466"},"modified":"2025-09-01T22:05:56","modified_gmt":"2025-09-01T20:05:56","slug":"vonzaskorzetunk","status":"publish","type":"page","link":"https:\/\/bal1.hu\/plusz\/vonzaskorzetunk\/","title":{"rendered":"Vonz\u00e1sk\u00f6rzet\u00fcnk"},"content":{"rendered":"\n\n\n<span style=\"color: #000000;\">Vonz\u00e1sk\u00f6rzet\u00fcnk:<\/span>\n\n<span style=\"color: #000000;\">Budapest 1., 2., 3., 4., 12., 13. ker\u00fcletek, Nagykov\u00e1csi, Pilisszentiv\u00e1n, \u00dcr\u00f6m, Pilisborosjen\u0151, Pilisv\u00f6r\u00f6sv\u00e1r, Pilissz\u00e1nt\u00f3, Dunakeszi, F\u00f3t<\/span>\n<p>\n<span style=\"color: #000000;\"><br><\/span><\/p>\n<p><span style=\"color: #000000;\">Azok, akik tudj\u00e1k, hogy p\u00e1r h\u00f3napon bel\u00fcl a vonz\u00e1sk\u00f6rzet\u00fcnkbe k\u00f6lt\u00f6znek, nyugodtan beiratkozhatnak online! Az els\u0151 szem\u00e9lyes tal\u00e1lkoz\u00e1sra az elm\u00e9leti tanfolyam elv\u00e9gz\u00e9s\u00e9t k\u00f6vet\u0151en kell sort ker\u00edteni, amikor a vizsg\u00e1ra jelentkez\u00e9si adatlapot al\u00e1 kell \u00edrni a tanul\u00f3nak.<\/span><\/p>\n\n\n\n\n\n\n\n","protected":false},"excerpt":{"rendered":"","protected":false},"author":1,"featured_media":0,"parent":0,"menu_order":0,"comment_status":"closed","ping_status":"closed","template":"","meta":{"pagelayer_contact_templates":[],"_pagelayer_content":"","footnotes":""},"class_list":["post-4466","page","type-page","status-publish","hentry"],"_links":{"self":[{"href":"https:\/\/bal1.hu\/plusz\/wp-json\/wp\/v2\/pages\/4466","targetHints":{"allow":["GET"]}}],"collection":[{"href":"https:\/\/bal1.hu\/plusz\/wp-json\/wp\/v2\/pages"}],"about":[{"href":"https:\/\/bal1.hu\/plusz\/wp-json\/wp\/v2\/types\/page"}],"author":[{"embeddable":true,"href":"https:\/\/bal1.hu\/plusz\/wp-json\/wp\/v2\/users\/1"}],"replies":[{"embeddable":true,"href":"https:\/\/bal1.hu\/plusz\/wp-json\/wp\/v2\/comments?post=4466"}],"version-history":[{"count":15,"href":"https:\/\/bal1.hu\/plusz\/wp-json\/wp\/v2\/pages\/4466\/revisions"}],"predecessor-version":[{"id":4492,"href":"https:\/\/bal1.hu\/plusz\/wp-json\/wp\/v2\/pages\/4466\/revisions\/4492"}],"wp:attachment":[{"href":"https:\/\/bal1.hu\/plusz\/wp-json\/wp\/v2\/media?parent=4466"}],"curies":[{"name":"wp","href":"https:\/\/api.w.org\/{rel}","templated":true}]}}