{"id":2,"date":"2021-11-17T12:41:29","date_gmt":"2021-11-17T11:41:29","guid":{"rendered":"https:\/\/bal1.hu\/plusz\/?page_id=2"},"modified":"2025-09-02T22:12:02","modified_gmt":"2025-09-02T20:12:02","slug":"tanfolyamcsomagok-reszletes-leirasa","status":"publish","type":"page","link":"https:\/\/bal1.hu\/plusz\/tanfolyamcsomagok-reszletes-leirasa\/","title":{"rendered":"Tanfolyamcsomagok r\u00e9szletes le\u00edr\u00e1sa"},"content":{"rendered":"\r\n\r\n\r\n\r\n\r\n\r\n\r\n<p style=\"text-align: left;\"><span style=\"color: #00bfa5;\">Tanfolyamcsomag R\u00e9szletek<\/span><\/p>\r\n\r\n\r\n\r\n<p>&nbsp;<\/p>\r\n\r\n\r\n\r\n\r\n\r\n\r\n\r\n\r\n\r\n\r\n\r\n\r\n\r\n\r\n\r\n<p><span style=\"color: #000000;\">P\u00e9nzt\u00e1rcabar\u00e1t csomag 52 000,- ft. Ez a lehet\u0151 legolcs\u00f3bb csomagunk. Ak\u00e1r online, ak\u00e1r szem\u00e9lyes beiratkoz\u00e1ssal, bankk\u00e1rty\u00e1s fizet\u00e9ssel, term\u00e9szetesen sz\u00e1mlaad\u00e1si k\u00f6telezetts\u00e9g\u00fcnknek eleget t\u00e9ve. (bankk\u00e1rty\u00e1s fizet\u00e9s eset\u00e9n a fizet\u00e9si folyamat v\u00e9g\u00e9n ne feledje a telefonj\u00e1n enged\u00e9lyezni a tranzakci\u00f3t)\u00a0<\/span><\/p>\r\n<p>&nbsp;<\/p>\r\n<p><span style=\"color: #000000;\">\u00dcgyf\u00e9lfogad\u00e1si id\u0151pontok: Kedd 13.00-16.00-ig, P\u00e9ntek 14.00-19.00-ig. Bal 1 Aut\u00f3siskola c\u00edme: 1032 Budapest, B\u00e9csi \u00fat 211. (StopShoppal szemben)<\/span><\/p>\r\n<p>&nbsp;<\/p>\r\n<p><span style=\"color: #000000;\">Amit tartalmaz:<\/span><\/p>\r\n<p><span style=\"color: #000000;\">\u201eB\u201d kateg\u00f3ri\u00e1s akkredit\u00e1lt tananyag, vizsgafelk\u00e9sz\u00edt\u0151 tesztekkel (k\u00f6telez\u0151 alap tananyag, kieg\u00e9sz\u00edt\u0151 extr\u00e1kat nem tartalmaz)<\/span><\/p>\r\n<p>&nbsp;<\/p>\r\n<p><span style=\"color: #000000;\">A vezet\u00e9si \u00f3rad\u00edjakat a forgalmi vezet\u00e9s elkezd\u00e9sekor, 10 \u00f3r\u00e1s r\u00e9szletekben, el\u0151re sz\u00fcks\u00e9ges rendezni. A teljes tanfolyam k\u00f6lts\u00e9gei:<\/span><\/p>\r\n<p>&nbsp;<\/p>\r\n<p><span style=\"color: #000000;\">E-learning tanfolyam d\u00edja: 52 000,- Ft. (hozz\u00e1f\u00e9r\u00e9si id\u0151: 75 \u00f3ra \/ 180 nap)<\/span><\/p>\r\n<p><span style=\"color: #000000;\">Elm\u00e9leti vizsgad\u00edj: 4 600,- Ft. (Fizetend\u0151 az elm\u00e9leti e-learning tanfolyam elv\u00e9gz\u00e9s\u00e9t k\u00f6vet\u0151en)<\/span><\/p>\r\n<p><span style=\"color: #000000;\">Elm\u00e9leti vizsga \u00fcgyint\u00e9z\u00e9s d\u00edja 1 000,- Ft. (Fizetend\u0151 az elm\u00e9leti vizsgad\u00edj befizet\u00e9sekor)<\/span><\/p>\r\n<p><span style=\"color: #000000;\">Vezet\u00e9si \u00f3r\u00e1k \u00f3rad\u00edja 11 000,- forintt\u00f3l (k\u00f6telez\u0151en levezetend\u0151 30 \u00f3ra \u00e9s az 580 levezetett km.)<\/span><\/p>\r\n<p><span style=\"color: #000000;\">Forgalmi vizsgad\u00edj: 11 000,- Ft (Fizetend\u0151 a forgalmi vizsg\u00e1ra jelent\u00e9skor)<\/span><\/p>\r\n<p><span style=\"color: #000000;\">Vizsga \u00fcgyint\u00e9z\u00e9s d\u00edja 1 000,- Ft. (Fizetend\u0151 a forgalmi vizsgad\u00edj befizet\u00e9sekor)<\/span><\/p>\r\n<p>&nbsp;<\/p>\r\n<p><span style=\"color: #000000;\">\u00d6sszes k\u00f6lts\u00e9g a k\u00f6telez\u0151 30 vezet\u00e9si \u00f3r\u00e1val \u00e9s a 11 000,- Ft vezet\u00e9si \u00f3rad\u00edjjal sz\u00e1molva: 399 600,- Ft<\/span><\/p>\r\n<p><span style=\"color: #000000;\">\r\n\r\n\r\n\r\n\r\n\r\n\r\n\r\n<\/span><\/p>\r\n<p><span style=\"color: #000000;\">B kat. E-learning tanfolyam + Els\u0151seg\u00e9ly tananyag. Hozz\u00e1f\u00e9r\u00e9s 180 nap\/ 75 \u00f3ra. Leggyorsabb tananyag hozz\u00e1f\u00e9r\u00e9ssel, mindent otthonr\u00f3l, online int\u00e9zve.\u00a0\u00a0<\/span><\/p>\r\n<p>&nbsp;<\/p>\r\n<p><span style=\"color: #000000;\">(bankk\u00e1rty\u00e1s fizet\u00e9s eset\u00e9n a fizet\u00e9si folyamat v\u00e9g\u00e9n ne feledje a telefonj\u00e1n enged\u00e9lyezni a tranzakci\u00f3t)\u00a0<span style=\"font-family: 'Times New Roman'; font-size: 16px; font-style: normal; font-variant-ligatures: normal; font-variant-caps: normal; font-weight: 400;\">\u00dcgyf\u00e9lfogad\u00e1si id\u0151pontok: Kedd 13.00-16.00-ig, P\u00e9ntek 14.00-19.00-ig. Bal 1 Aut\u00f3siskola c\u00edme: 1032 Budapest, B\u00e9csi \u00fat 211. (StopShoppal szemben)<\/span><\/span><\/p>\r\n<p style=\"font-style: normal; font-variant-ligatures: normal; font-variant-caps: normal; font-weight: 400; font-size: 16px; font-family: 'Times New Roman';\">\u00a0<\/p>\r\n<p style=\"font-style: normal; font-variant-ligatures: normal; font-variant-caps: normal; font-weight: 400; font-size: 16px; font-family: 'Times New Roman';\"><span style=\"color: #000000;\">Amit tartalmaz:<\/span><\/p>\r\n<p style=\"font-style: normal; font-variant-ligatures: normal; font-variant-caps: normal; font-weight: 400; font-size: 16px; font-family: 'Times New Roman';\"><span style=\"color: #000000;\">\u201eB\u201d kateg\u00f3ri\u00e1s akkredit\u00e1lt tananyag, vizsgafelk\u00e9sz\u00edt\u0151 tesztekkel + Teljes, r\u00e9szletes els\u0151seg\u00e9ly e-learning tananyag.<\/span><\/p>\r\n<p style=\"font-style: normal; font-variant-ligatures: normal; font-variant-caps: normal; font-weight: 400; font-size: 16px; font-family: 'Times New Roman';\">\u00a0<\/p>\r\n<p style=\"font-style: normal; font-variant-ligatures: normal; font-variant-caps: normal; font-weight: 400; font-size: 16px; font-family: 'Times New Roman';\"><span style=\"color: #000000;\">A vezet\u00e9si \u00f3rad\u00edjakat a forgalmi vezet\u00e9s elkezd\u00e9sekor, 10 \u00f3r\u00e1s r\u00e9szletekben, el\u0151re sz\u00fcks\u00e9ges rendezni. A teljes tanfolyam k\u00f6lts\u00e9gei:<\/span><\/p>\r\n<p style=\"font-style: normal; font-variant-ligatures: normal; font-variant-caps: normal; font-weight: 400; font-size: 16px; font-family: 'Times New Roman';\">\u00a0<\/p>\r\n<p style=\"font-style: normal; font-variant-ligatures: normal; font-variant-caps: normal; font-weight: 400; font-size: 16px; font-family: 'Times New Roman';\"><span style=\"color: #000000;\">E-learning tanfolyam d\u00edja: 62 000,- Ft. (hozz\u00e1f\u00e9r\u00e9si id\u0151: 75 \u00f3ra \/ 180 nap)<\/span><\/p>\r\n<p style=\"font-style: normal; font-variant-ligatures: normal; font-variant-caps: normal; font-weight: 400; font-size: 16px; font-family: 'Times New Roman';\"><span style=\"color: #000000;\">Elm\u00e9leti vizsgad\u00edj: 4 600,- Ft. (Fizetend\u0151 az elm\u00e9leti e-learning tanfolyam elv\u00e9gz\u00e9s\u00e9t k\u00f6vet\u0151en)<\/span><\/p>\r\n<p style=\"font-style: normal; font-variant-ligatures: normal; font-variant-caps: normal; font-weight: 400; font-size: 16px; font-family: 'Times New Roman';\"><span style=\"color: #000000;\">Elm\u00e9leti vizsga \u00fcgyint\u00e9z\u00e9s d\u00edja 1 000,- Ft. (Fizetend\u0151 az elm\u00e9leti vizsgad\u00edj befizet\u00e9sekor)<\/span><\/p>\r\n<p style=\"font-style: normal; font-variant-ligatures: normal; font-variant-caps: normal; font-weight: 400; font-size: 16px; font-family: 'Times New Roman';\"><span style=\"color: #000000;\">Vezet\u00e9si \u00f3r\u00e1k \u00f3rad\u00edja 11 000,- forintt\u00f3l (k\u00f6telez\u0151en levezetend\u0151 30 \u00f3ra \u00e9s az 580 levezetett km.)<\/span><\/p>\r\n<p style=\"font-style: normal; font-variant-ligatures: normal; font-variant-caps: normal; font-weight: 400; font-size: 16px; font-family: 'Times New Roman';\"><span style=\"color: #000000;\">Forgalmi vizsgad\u00edj: 11 000,- Ft (Fizetend\u0151 a forgalmi vizsg\u00e1ra jelent\u00e9skor)<\/span><\/p>\r\n<p style=\"font-style: normal; font-variant-ligatures: normal; font-variant-caps: normal; font-weight: 400; font-size: 16px; font-family: 'Times New Roman';\"><span style=\"color: #000000;\">Vizsga \u00fcgyint\u00e9z\u00e9s d\u00edja 1 000,- Ft. (Fizetend\u0151 a forgalmi vizsgad\u00edj befizet\u00e9sekor)<\/span><\/p>\r\n<p style=\"font-style: normal; font-variant-ligatures: normal; font-variant-caps: normal; font-weight: 400; font-size: 16px; font-family: 'Times New Roman';\">\u00a0<\/p>\r\n<p style=\"font-style: normal; font-variant-ligatures: normal; font-variant-caps: normal; font-weight: 400; font-size: 16px; font-family: 'Times New Roman';\"><span style=\"color: #000000;\">\u00d6sszes k\u00f6lts\u00e9g a k\u00f6telez\u0151 30 vezet\u00e9si \u00f3r\u00e1val \u00e9s a 11 000,- Ft vezet\u00e9si \u00f3rad\u00edjjal sz\u00e1molva: 409600,- Ft<\/span><\/p>\r\n<p><span style=\"color: #000000;\">\r\n\r\n\r\n\r\n\r\n\r\n\r\n\r\n<\/span><\/p>\r\n<p><span style=\"color: #000000;\">B kateg\u00f3ri\u00e1s elm\u00e9leti e-learning tanfolyam. Hozz\u00e1f\u00e9r\u00e9si id\u0151 az akkredit\u00e1lt tananyaghoz: 90 \u00f3ra, 240 nap.<\/span><\/p>\r\n<p>&nbsp;<\/p>\r\n<p><span style=\"color: #000000;\">B kateg\u00f3ri\u00e1s elm\u00e9leti e-learning oktat\u00e1s (Els\u0151seg\u00e9ly-ny\u00fajt\u00e1si tanfolyam, K\u00f6zleked\u00e9si ismeretek, Szerkezeti \u00e9s \u00fczemeltet\u00e9si ismeretek, J\u00e1rm\u0171vezet\u00e9s-elm\u00e9let, forgalmi vizsg\u00e1ra felk\u00e9sz\u00edt\u0151 anyag, gyakorlati vizsgafelk\u00e9sz\u00edt\u0151 anyag, parkol\u00e1sok vide\u00f3 \u00e9s anim\u00e1ci\u00f3s bemutat\u00e1sa, ut\u00e1nfut\u00f3, p\u00f3tkocsi vezet\u00e9stechnikai, man\u0151verez\u00e9si ismeretek)<\/span><\/p>\r\n<p>&nbsp;<\/p>\r\n<p><span style=\"color: #000000;\">Amit tartalmaz:<\/span><\/p>\r\n<p>&nbsp;<\/p>\r\n<p><span style=\"color: #000000;\">\u201eB\u201d kateg\u00f3ri\u00e1s akkredit\u00e1lt tananyagot, tesztekkel (k\u00f6telez\u0151 alap tananyag)<\/span><\/p>\r\n<p>&nbsp;<\/p>\r\n<p><span style=\"color: #000000;\">\u201eB\u201d kateg\u00f3ri\u00e1s vizsgafelk\u00e9sz\u00edt\u0151t \u2013<\/span><\/p>\r\n<p>&nbsp;<\/p>\r\n<p><span style=\"color: #000000;\">K\u00f6zleked\u00e9si alapismeretek (kieg\u00e9sz\u00edt\u0151 tananyag)<\/span><\/p>\r\n<p>&nbsp;<\/p>\r\n<p><span style=\"color: #000000;\">Els\u0151seg\u00e9ly \u2013 \u00c9letment\u00e9s tananyag (kieg\u00e9sz\u00edt\u0151 tananyag)<\/span><\/p>\r\n<p>&nbsp;<\/p>\r\n<p><span style=\"color: #000000;\">Vezet\u00e9stechnika \u2013 A p\u00f3tkocsi (ut\u00e1nfut\u00f3) vontat\u00e1sa (kieg\u00e9sz\u00edt\u0151 tananyag)<\/span><\/p>\r\n<p>&nbsp;<\/p>\r\n<p><span style=\"color: #000000;\">Forgalmi vizsg\u00e1ra felk\u00e9sz\u00edt\u0151 tananyag (kieg\u00e9sz\u00edt\u0151 tananyag)<\/span><\/p>\r\n<p>&nbsp;<\/p>\r\n<p><span style=\"color: #000000;\">Egyszeri elm\u00e9leti vizsgad\u00edj \u00e9s vizsga\u00fcgyint\u00e9z\u00e9s d\u00edja\u00a0 \u00a0 \u00a0 \u00a0 \u00a0 \u00a0 \u00a0 \u00a0 \u00a0 \u00a0 \u00a0 \u00a0 \u00a0 \u00a0 \u00a0 \u00a0 \u00a0 \u00a0 \u00a0 \u00a0 \u00a0 \u00a0 \u00a0 \u00a0 \u00a0 \u00a0 \u00a0 \u00a0 \u00a0 \u00a0 \u00a0 \u00a0 \u00a0 \u00a0 \u00a0 \u00a0 \u00a0 \u00a0 \u00a0 \u00a0 \u00a0 \u00a0 \u00a0 \u00a0 \u00a0 \u00a0 \u00a0 \u00a0 \u00a0 \u00a0 \u00a0 \u00a0 \u00a0 \u00a0 \u00a0 \u00a0 \u00a0 \u00a0 \u00a0 \u00a0 \u00a0 \u00a0 \u00a0 \u00a0 \u00a0 \u00a0 \u00a0 \u00a0 \u00a0 \u00a0 \u00a0 \u00a0 \u00a0 \u00a0 \u00a0 \u00a0 \u00a0 \u00a0 \u00a0 \u00a0 \u00a0 \u00a0 \u00a0 \u00a0 \u00a0 \u00a0 \u00a0 \u00a0 \u00a0 \u00a0 \u00a0 \u00a0 \u00a0 \u00a0 \u00a0 \u00a0 \u00a0 \u00a0 \u00a0 \u00a0 \u00a0 \u00a0 \u00a0 \u00a0 \u00a0 \u00dcgyf\u00e9lfogad\u00e1si id\u0151pontok: Kedd 13.00-16.00-ig, P\u00e9ntek 14.00-19.00-ig. Bal 1 Aut\u00f3siskola c\u00edme: 1032 Budapest, B\u00e9csi \u00fat 211. (StopShoppal szemben) A vezet\u00e9si \u00f3rad\u00edjakat a forgalmi vezet\u00e9s elkezd\u00e9sekor, 10 \u00f3r\u00e1s r\u00e9szletekben, el\u0151re sz\u00fcks\u00e9ges rendezni. A teljes tanfolyam k\u00f6lts\u00e9gei: E-learning tanfolyam d\u00edja: 79 000,- Ft.<\/span><\/p>\r\n<p><span style=\"color: #000000;\">Elm\u00e9leti vizsgad\u00edj: tartalmazza a csomag.<\/span><\/p>\r\n<p><span style=\"color: #000000;\">Elm\u00e9leti vizsga \u00fcgyint\u00e9z\u00e9s d\u00edja: Tartalmazza a csomag<\/span><\/p>\r\n<p><span style=\"color: #000000;\">Vezet\u00e9si \u00f3r\u00e1k \u00f3rad\u00edja 11 000,- forintt\u00f3l (k\u00f6telez\u0151en levezetend\u0151 minimum 30 \u00f3ra \u00e9s a minimum 580 levezetett km.)<\/span><\/p>\r\n<p><span style=\"color: #000000;\">Forgalmi vizsgad\u00edj: 11 000,- Ft (Fizetend\u0151 a forgalmi vizsg\u00e1ra jelent\u00e9skor)<\/span><\/p>\r\n<p><span style=\"color: #000000;\">Vizsga \u00fcgyint\u00e9z\u00e9s d\u00edja 1 000,- Ft. (Fizetend\u0151 a forgalmi vizsgad\u00edj befizet\u00e9sekor)<\/span><\/p>\r\n<p>&nbsp;<\/p>\r\n<p><span style=\"color: #000000;\">\u00d6sszes k\u00f6lts\u00e9g a k\u00f6telez\u0151 30 vezet\u00e9si \u00f3r\u00e1val \u00e9s a 11 000,- Ft vezet\u00e9si \u00f3rad\u00edjjal sz\u00e1molva: 421000,- Ft<\/span><\/p>\r\n<div>\u00a0<\/div>\r\n<p><span style=\"color: #000000;\">\r\n\r\n\r\n\r\n\r\n\r\n\r\n\r\n<\/span><\/p>\r\n<p><span style=\"color: #000000;\">Theory Course for Category \u2019B\u2019: 75 hours\/ 180 days<\/span><\/p>\r\n<p><span style=\"color: #000000;\">\r\n\r\n\r\n\r\n\r\n\r\n\r\n\r\n<\/span><\/p>\r\n<p><span style=\"color: #000000;\">K\u00e9rek mindenkit, hogy kiz\u00e1r\u00f3lag el\u0151zetes egyeztet\u00e9st k\u00f6vet\u0151en iratkozzon \u00e1t, hiszen a kapacit\u00e1sunk v\u00e9ges, ne szerezz\u00fcnk egym\u00e1snak kellemetlen \u00e9lm\u00e9nyt! Az \u00e1tiratkoz\u00e1s v\u00e9gleges\u00edt\u00e9s\u00e9hez sz\u00fcks\u00e9g lesz az el\u0151z\u0151 aut\u00f3siskol\u00e1t\u00f3l kik\u00e9rt &#8222;K\u00e9pz\u00e9si Igazol\u00e1s&#8221; nev\u0171 dokumentumra! Ez nem egyezik az elm\u00e9leti tanfolyam elv\u00e9gz\u00e9sekor kapott hasonl\u00f3 nev\u0171 dokumentummal!<\/span><\/p>\r\n<p><span style=\"color: #000000;\">\r\n\r\n\r\n\r\n\r\n\r\n\r\n\r\n<\/span><\/p>\r\n<p><span style=\"color: #000000;\">1.) A KR\u00c9TA rendszerben let\u00f6lthet\u0151 az a &#8222;K\u00e9pz\u00e9si igazol\u00e1s&#8221;, amelyet aut\u00f3siskol\u00e1nkban bemutatva ki tudjuk nyomtatni a befogad\u00f3 nyilatkozatot. Ezt a szem\u00e9lyesen sz\u00fcks\u00e9ges behozni az iskol\u00e1ba, hiszen al\u00e1 kell \u00edrni az eml\u00edtett dokumentumot.<\/span><\/p>\r\n<p><span style=\"color: #000000;\">2.) Ugyanekkor ki kell t\u00f6lten\u00fcnk egy &#8222;Feln\u0151ttk\u00e9pz\u00e9si Szerz\u0151d\u00e9st&#8221; is, amit ekkor szint\u00e9n sz\u00fcks\u00e9ges al\u00e1\u00edrni. Fontos, hogy a 18 \u00e9ven aluli k\u00f6z\u00e9piskol\u00e1sok eset\u00e9ben gondvisel\u0151i (sz\u00fcl\u0151i) al\u00e1\u00edr\u00e1sra is sz\u00fcks\u00e9g lesz. <a style=\"color: #000000;\" href=\"https:\/\/bal1.hu\/plusz\/beiratkozas\/\" target=\"_blank\" rel=\"noopener\">&gt;&gt;Ez a dokumentum online is kit\u00f6lthet\u0151, t\u00e1voll\u00e9v\u0151k k\u00f6z\u00f6tti szerz\u0151d\u00e9sk\u00f6t\u00e9sk\u00e9nt&lt;&lt;<\/a><\/span><\/p>\r\n<p><span style=\"color: #000000;\">Az \u00e1tiratkoztat\u00e1snak egyszeri adminisztr\u00e1ci\u00f3s d\u00edja van, mint b\u00e1rmely m\u00e1s aut\u00f3siskol\u00e1b\u00f3l \u00e1tiratkoz\u00f3knak is. Iskol\u00e1nkn\u00e1l ez a d\u00edj 30 000,- Ft.<\/span><\/p>\r\n<p><span style=\"color: #000000;\">3.) A Tanul\u00f3k a sikeres elm\u00e9leti vizsga, &#8222;K\u00e9pz\u00e9si igazol\u00e1s&#8221; \u00e9s a &#8222;Befogad\u00f3 Nyilatkozat&#8221; birtok\u00e1ban tudj\u00e1k folytatni a k\u00e9pz\u00e9st, a gyakorlati vezet\u00e9ssel.\u00a0 \u00a0 \u00a0 \u00a0 \u00a0 \u00a0 \u00a0 \u00a0 \u00a0 \u00a0 \u00a0 \u00a0 \u00a0 \u00a0 \u00a0 \u00a0 \u00a0 \u00a0 \u00a0 \u00a0 \u00a0 \u00a0 \u00a0 \u00a0 \u00a0 \u00a0 \u00a0 \u00a0 \u00a0 \u00a0 \u00a0 \u00a0 \u00a0 \u00a0 \u00a0 \u00a0 \u00a0 \u00a0 \u00a0 \u00a0 \u00a0 \u00a0 \u00a0 \u00a0 \u00a0 \u00a0 \u00a0 \u00a0 \u00a0 \u00a0\u00a0<\/span><\/p>\r\n<p><span style=\"color: #000000;\">Az iskol\u00e1nk k\u00f6zel\u00e9ben tal\u00e1lhat\u00f3 KAV \u00fcgyf\u00e9lszolg\u00e1latok:<\/span><\/p>\r\n<ul>\r\n<li><span style=\"color: #000000;\">1119 Budapest, Petzv\u00e1l J\u00f3zsef utca 39.<\/span><\/li>\r\n<li><span style=\"color: #000000;\">2013 Pom\u00e1z, Szmolnyica d\u0171l\u0151 059\/16 hrsz.<\/span><\/li>\r\n<li><span style=\"color: #000000;\">2600 V\u00e1c, Arat\u00f3 utca 20.<\/span><\/li>\r\n<\/ul>\r\n<ul>\r\n<li>\u00a0<\/li>\r\n<li><span style=\"color: #000000;\"><strong>\u00a0<\/strong><\/span><\/li>\r\n<\/ul>\r\n<p><span style=\"color: #000000;\"><strong>FONTOS! A k\u00f6z\u00e9piskolai tanfolyamot v\u00e9gzett, de sikeres vizsg\u00e1t nem tett tanul\u00f3k, sajnos nem tudj\u00e1k folytatni a tanfolyamot.\u00a0<\/strong><\/span><\/p>\r\n<p>&nbsp;<\/p>\r\n<p>&nbsp;<\/p>\r\n<p><span style=\"color: #000000;\"><\/span><\/p>\r\n<p>&nbsp;<\/p>","protected":false},"excerpt":{"rendered":"<p>&nbsp;<\/p>\n","protected":false},"author":1,"featured_media":0,"parent":0,"menu_order":0,"comment_status":"closed","ping_status":"closed","template":"","meta":{"pagelayer_contact_templates":[],"_pagelayer_content":"","footnotes":""},"class_list":["post-2","page","type-page","status-publish","hentry"],"_links":{"self":[{"href":"https:\/\/bal1.hu\/plusz\/wp-json\/wp\/v2\/pages\/2","targetHints":{"allow":["GET"]}}],"collection":[{"href":"https:\/\/bal1.hu\/plusz\/wp-json\/wp\/v2\/pages"}],"about":[{"href":"https:\/\/bal1.hu\/plusz\/wp-json\/wp\/v2\/types\/page"}],"author":[{"embeddable":true,"href":"https:\/\/bal1.hu\/plusz\/wp-json\/wp\/v2\/users\/1"}],"replies":[{"embeddable":true,"href":"https:\/\/bal1.hu\/plusz\/wp-json\/wp\/v2\/comments?post=2"}],"version-history":[{"count":34,"href":"https:\/\/bal1.hu\/plusz\/wp-json\/wp\/v2\/pages\/2\/revisions"}],"predecessor-version":[{"id":4559,"href":"https:\/\/bal1.hu\/plusz\/wp-json\/wp\/v2\/pages\/2\/revisions\/4559"}],"wp:attachment":[{"href":"https:\/\/bal1.hu\/plusz\/wp-json\/wp\/v2\/media?parent=2"}],"curies":[{"name":"wp","href":"https:\/\/api.w.org\/{rel}","templated":true}]}}